= -y*d - 3*d. Let q(m) = -m**2 + 4*m**3 - 1 + 7*m - 5*m + d. Determine q(1).
4
Let c(h) = -46 + 39 + 14 + 0*h + 2*h**2 + 4*h. Give c(-2).
7
Let i(o) = 2*o + 10. Let g be i(-5). Suppose 3*m - 44 + 50 = g. Let n(x) be the first derivative of -2*x**3/3 + 2*x + 1. Give n(m).
-6
Let j(h) = -h + 4. Let f(u) = u - 3. Let x(i) = 3*f(i) + 4*j(i). Determine x(-3).
10
Let i = 7 + -7. Let y(k) = 1 + i*k + 5*k**3 - 4*k**3 - k - 2*k**3. Let t(s) = -7*s**3 + 5*s**2 - 9*s + 10. Let f(w) = t(w) - 6*y(w). Give f(3).
13
Let h(y) be the second derivative of -y**5/20 - 2*y**4/3 - 3*y**3/2 - 7*y**2/2 + 6*y. Let d(r) = -4*r + 49. Let f be d(14). Give h(f).
7
Let c(m) = -m**2 - 5*m + 3. Let s be c(-3). Suppose q + s = 4*y - 7, 2*y - 3*q = 18. Let h(x) = 1 + 0*x - 2*x + 0. Give h(y).
-5
Let i(s) = 158*s - 158*s + 0*s**2 + 14*s**2 + 1. Calculate i(1).
15
Suppose -4*k = k. Let s be (-3 - k) + 0 + 8. Let l be -10*(-2 + s/2). Let o(t) = t**2 + 4*t - 2. Give o(l).
3
Let w be -3 - 4*5/20. Let u(o) = 3*o + 10. What is u(w)?
-2
Let t = 9 + -7. Let i(d) = -4*d - t*d + 6*d + d. Calculate i(1).
1
Let f(p) = -p + 2. Let a(v) = -4. Let i(n) = 3*a(n) + 7*f(n). Give i(-4).
30
Let n(b) be the second derivative of b**3/6 + 6*b**2 - 54*b - 2. Give n(-5).
7
Let j(t) = 9*t**2 - 10*t**2 - 2*t - 6 + 2*t**2. Let p(l) = -l**2 - 8*l - 2. Let m be p(-7). Determine j(m).
9
Let m(o) = o**2 - 6*o - 3. Let r(c) = -c**2 - 5*c + 35. Let t be r(5). Let v = -9 - t. Determine m(v).
-3
Let n(q) = -q**3 + q - 1. Let m(c) = -c**3 - c**2 - 2. Let g(w) = -2*m(w) + 3*n(w). Let r be g(3). Let v(k) = -10*k**2 - 2*k + 1. Determine v(r).
-11
Let q(c) = 2*c**3 - 13*c**2 - 8*c + 10. Suppose h = -19*t + 14*t + 33, t - 5*h = 17. Give q(t).
3
Let t(z) = -z**3 + 5*z**2 - 2*z + 1. Let a(b) = 2 + 0*b - 5*b - 4 - 3 + 3*b**2. Let m be a(-1). Calculate t(m).
13
Let w(f) = 3*f**2 + 34*f + 15. Let n(y) = 9*y - 254. Let b be n(27). Determine w(b).
4
Let q(l) = -3*l**2 + 6*l + 6. Let r be (-4)/14*(-10 + -4). Let a(o) = -8*o**2 + 19*o + 17. Let u(v) = r*a(v) - 11*q(v). Determine u(-4).
-22
Let v(n) = n**3 - 4*n**2 + 2*n - 8. Let h be v(4). Let y(z) = h - 6*z**2 - 1 - z**3 - 5*z - 5. Suppose -5*d - 36 = -11. Determine y(d).
-6
Let l(s) = -s**3 - 6*s**2 - 5*s + 1. Let x(b) = 29*b + 140. Let m be x(-5). Determine l(m).
1
Suppose 5 = 2*j - 2*h - 3, -4*j = -5*h - 12. Let u(m) = -3 + j*m**2 - m**3 + 5 - 10 - 3*m - 5*m. Give u(7).
-15
Let p = -33 - -34. Let f(i) = -i - 1. Let r(b) = -b + 3. Let h(m) = p*r(m) + 2*f(m). Calculate h(1).
-2
Let d be ((-18)/(-5))/(22/55). Let h be 9*((-6)/d)/1. Let x(c) = c**2 + 7*c + 1. Determine x(h).
-5
Let b(f) = -f + 130. Let s(y) = 26. Let c(d) = -2*b(d) + 11*s(d). Let m be c(-15). Let v(g) = -2*g + 3. What is v(m)?
11
Let y(p) = -5*p**2 - 3*p - 1. Let i(x) = 4*x**2 + 3*x + 1. Let t(o) = -4*i(o) - 3*y(o). Let u = 247 - 251. Calculate t(u).
-5
Let u be 2/(-9) - 50/18. Let q(a) be the first derivative of 3*a**2 + 2*a - 23. What is q(u)?
-16
Suppose -1 = j - 2. Let l = 2 - j. Let d(x) = x**2 + 19 + l - 10*x - 5 - 3. Calculate d(8).
-4
Suppose 3*k + 21 = z, 30*z - 3*k + 15 = 35*z. Let f(h) = h - 7. Determine f(z).
-1
Let a(v) = 5*v**2 - 5*v - 10. Let i(k) = 4*k**2 - 4*k - 10. Let o(n) = -5*a(n) + 6*i(n). Let r(p) = -p**3 - 13*p**2 + 6*p + 78. Let z be r(-13). Give o(z).
-10
Let p(a) = 2*a**2 - 95*a - 35. Let i be p(48). Let z(n) = -2*n + 22. Determine z(i).
-4
Let v(w) = -w**3 - 9*w**2 - 8*w + 10. Let u = -967 + 960. Calculate v(u).
-32
Let x(t) be the second derivative of t**3/2 - t**2 + 23*t. Suppose 20 = 3*p - 4*d, -2*p + 7*p = -2*d + 16. Give x(p).
10
Let p(y) be the second derivative of 0 + 2/3*y**4 + 2*y + 0*y**3 - 1/2*y**2. Determine p(-1).
7
Let d = -4 - -4. Let z(x) = 13*x**2 - x + 1. Let l(v) = 2*v**2 + 1. Let f(t) = 6*l(t) - z(t). Determine f(d).
5
Let b(v) be the third derivative of v**5/60 + 7*v**4/24 - 4*v**3/3 + 59*v**2. Suppose 0 = 4*i - 12, 3*r = -3*i + 2 - 14. Determine b(r).
-8
Let s be (-2 - (0 + -11)) + 0. Suppose 3*t + 2*f + s = 0, -4*t + 2*t + 4*f = 6. Let v be -3 - (t + 6/(-3)). Let i(d) = -d**3 + 2*d**2 + d + 1. What is i(v)?
3
Let m(p) be the second derivative of p**4/12 - 2*p**3/3 - 13*p**2/2 + 128*p. Determine m(6).
-1
Let p(x) = -2*x - 1. Let l(v) = v**3 + 2*v**2 + 3. Let d be l(-3). Let m be 1/d + 49/42. What is p(m)?
-3
Let k(o) = o**3 + 4*o**2 - 4*o + 7. Let h be k(-5). Suppose -h*c + 5*c = 0. Suppose 4*w = -g - 3, g + c*g - 3*w - 4 = 0. Let p(u) = u - 1. Calculate p(g).
0
Let t = -12 - -120. Let d = t + -102. Let h(c) = 3*c - 2. Let z(q) = -13*q + 7. Let l(w) = -18*h(w) - 4*z(w). Determine l(d).
-4
Let n(w) = 2*w**3 + w**2 + 2*w - 4. Let m(s) = s**2 + s - 2. Let b(d) = -2*m(d) + n(d). Let y(q) = -q**3 - 4*q**2 + 3*q + 10. Let v be y(-4). What is b(v)?
-20
Let r = -10 + 11. Let h(g) = -4 + 4*g + 0 - 3*g + r. Give h(6).
3
Suppose -5*w + m + 5 = 0, w + 0*m = 3*m + 1. Let f(j) = 5. Let h(n) = -n - 1. Let a(v) = w*f(v) + 2*h(v). Determine a(6).
-9
Let n(s) = s**2 + 13*s - 1. Suppose 0 = -3*c - 4*i - 22, 2*c + 5*i = -3. Determine n(c).
13
Let n(t) be the second derivative of -t**5/15 + t**4/24 + 4*t**3/3 - 8*t. Let z(d) be the second derivative of n(d). Suppose -3*k = -14 + 11. Give z(k).
-7
Let r(q) be the first derivative of q**3/3 - 3*q**2/2 - 3*q + 14. Let d = 63 + -57. Give r(d).
15
Let q(r) = -3*r**3 - 13*r**2 - 4*r + 2. Let d be q(-4). Let a(c) = c**3 + 20 - 42 + 24 + 4*c**d + 2*c. What is a(-3)?
5
Let c = 789 + -797. Let r(u) = u**2 + 6*u - 4. Determine r(c).
12
Let k be (-1)/(-3)*(-6 - -9). Let f = 1 - k. Let l be (f + 0/3)/(-1). Let c(n) = -n + 6. Determine c(l).
6
Let o(d) be the third derivative of -d**8/20160 + d**7/840 + d**6/720 - d**5/4 - 25*d**2. Let p(h) be the third derivative of o(h). Determine p(6).
1
Let y = -10 - -6. Let b(z) = 60*z - 27. Let h(o) = -34*o + 16. Let j(k) = 4*b(k) + 7*h(k). Calculate j(y).
-4
Suppose -1 = 30*s - 31*s. Let l(o) = 2*o - 1. Determine l(s).
1
Let j(s) = -33*s + 14. Let q(n) = -13*n + 7. Let b(f) = 2*j(f) - 5*q(f). Let v = -9 - 1. Let g = 5 + v. Give b(g).
-2
Let r be 3*32/60*120/(-48). Let m(i) = i**3 - 2*i + 2. Let t(a) = a**3 - a**2 - 2*a + 1. Let v(s) = 4*m(s) - 3*t(s). Give v(r).
-3
Suppose -4*w = -z + 2, 8*z - 5*z - 3*w = 15. Let h(q) be the third derivative of -q**4/8 + 3*q**3/2 + 2*q**2. Calculate h(z).
-9
Let r = -1133 - -1136. Let g(n) = -5*n + 7. Let c(o) = 14*o - 20. Let m(l) = -6*c(l) - 17*g(l). Calculate m(r).
4
Let j(f) be the first derivative of 1/2*f**2 - 1/4*f**4 + 2*f - 1/3*f**3 + 20. Suppose 2*y - 1 = y, -2*d + y - 1 = 0. Calculate j(d).
2
Let g(l) = 1 + l + 3*l + 3*l**2 - 3*l**2 - 2*l**2 - 6*l. Let z(n) = n**3 + 5*n**2 + 5*n + 5. Let q be z(-4). Give g(q).
-3
Let n(j) = -7*j - 262. Let h be n(-37). Let y(o) = o**2 + 2*o + 3. Calculate y(h).
6
Let s(t) = 6*t + 3. Let r be s(-2). Let h(v) be the first derivative of v**3/3 + 4*v**2 - 5*v - 8. Give h(r).
4
Let c(z) = 2*z**2 - 5*z + 7*z**3 - 12*z**3 + 6*z**3 - 1. Let u = 55 + -59. Give c(u).
-13
Let u(b) = 2*b. Let o(a) = 5*a. Let x(q) = -3*o(q) + 7*u(q). Calculate x(4).
-4
Let s be (4/8)/(2/8). Let j(p) be the third derivative of -2*p**2 + 0 + 0*p + 1/12*p**4 - 1/15*p**5 + 0*p**3. Calculate j(s).
-12
Let b(a) = -2*a**3 + 4*a - 1. Let n(j) = -2*j**3 - j + 1. Let m(x) = b(x) + 2*n(x). Let d = -17 - -35. Let h be d/12*4/(-6). Give m(h).
5
Let v(j) be the first derivative of j**3/3 + 3*j**2 + 4*j + 28. What is v(-4)?
-4
Suppose 15 - 67 = -4*f. Let u = 6 - f. Let n(s) = s**3 + 8*s**2 + 5*s - 10. Calculate n(u).
4
Let k(q) = 2119 - 2*q**2 + 3*q**2 + 3*q**2 - q**2 + 2*q - 2118. Calculate k(-1).
2
Let c be (-360)/240 + 1/((-2)/(-4)). Let r(a) be the first derivative of c*a**2 + 7 - a. Give r(-6).
-7
Let l(a) = -a**3 - 17*a**2 + 18*a + 2. Let v be l(-18). Let y(f) = -5*f**2 - f**3 + 16*f**2 - 6*f**v + 9*f - 7. What is y(6)?
11
Let h(y) be the first derivative of -5/3*y**3 + 0*y + 0*y**2 - 47. Calculate h(1).
-5
Let z(j) = -9*j**2 + 23 + 24*j**2 - 26*j**3 + 3*j + 21*j**3. Let h(f) = -2*f**3 + 5*f**2 + f + 8. Let c(m) = -8*h(m) + 3*z(m). Determine c(-5).
0
Let z(k) be the second derivative of k**4/12 - 2*k**3/3 - 3*k**2 + 114*k. What is z(6)?
6
Let y(f) = 4 - f - 18 + 4 - 2. Calculate y(-9).
-3
Let c = -264 - -261. Let l(a) = a**3 + a**2 + 2*a + 1. Give l(c).
-23
Supp